9858
Calculate the remainder when 2411494 is divided by 139.
122
Calculate the remainder when 10952 is divided by 78.
32
Calculate the remainder when 1457792 is divided by 452.
92
What is the remainder when 3540625 is divided by 39?
10
What is the remainder when 25012435 is divided by 45?
40
What is the remainder when 2705384 is divided by 602?
598
Calculate the remainder when 1485863 is divided by 343.
330
What is the remainder when 2123113 is divided by 303?
295
Calculate the remainder when 766225 is divided by 5894.
5
Calculate the remainder when 2266160 is divided by 87159.
26
What is the remainder when 1472028 is divided by 800?
28
What is the remainder when 1111710 is divided by 50532?
6
What is the remainder when 31372880 is divided by 44125?
5
What is the remainder when 19771 is divided by 9765?
241
What is the remainder when 33479982 is divided by 528?
30
Calculate the remainder when 1502175 is divided by 751082.
11
What is the remainder when 6772854 is divided by 157508?
10
Calculate the remainder when 5890191 is divided by 26.
21
Calculate the remainder when 387045 is divided by 387006.
39
Calculate the remainder when 1348309 is divided by 971.
561
What is the remainder when 496267 is divided by 83?
10
Calculate the remainder when 8069410 is divided by 1603.
1511
What is the remainder when 3810510 is divided by 64?
14
What is the remainder when 75862 is divided by 61?
39
What is the remainder when 48781 is divided by 45783?
2998
Calculate the remainder when 735679 is divided by 2350.
129
Calculate the remainder when 401762 is divided by 50220.
2
Calculate the remainder when 1217148 is divided by 76071.
12
Calculate the remainder when 165736399 is divided by 40.
39
Calculate the remainder when 6040510 is divided by 223722.
16
What is the remainder when 1013842 is divided by 3621?
3583
Calculate the remainder when 3480758 is divided by 3453.
134
Calculate the remainder when 280278 is divided by 162.
18
Calculate the remainder when 40313 is divided by 292.
17
What is the remainder when 4508508 is divided by 901701?
3
Calculate the remainder when 15998 is divided by 502.
436
What is the remainder when 74051 is divided by 2084?
1111
Calculate the remainder when 833898 is divided by 832973.
925
What is the remainder when 479775 is divided by 79857?
633
Calculate the remainder when 3320801 is divided by 3.
2
Calculate the remainder when 265335 is divided by 6633.
15
Calculate the remainder when 3063431 is divided by 1531703.
25
Calculate the remainder when 132840 is divided by 132752.
88
What is the remainder when 39729577 is divided by 39729568?
9
Calculate the remainder when 511680 is divided by 1077.
105
What is the remainder when 5035151 is divided by 279730?
11
Calculate the remainder when 252322 is divided by 125918.
486
Calculate the remainder when 4140 is divided by 899.
544
Calculate the remainder when 8540845 is divided by 2846851.
292
Calculate the remainder when 331877 is divided by 148.
61
What is the remainder when 11702339 is divided by 135?
134
Calculate the remainder when 829089 is divided by 12191.
101
What is the remainder when 9174 is divided by 641?
200
What is the remainder when 830815 is divided by 246?
73
What is the remainder when 19689537 is divided by 683?
13
What is the remainder when 2362211 is divided by 243?
8
Calculate the remainder when 573957166 is divided by 641.
638
What is the remainder when 173353 is divided by 455?
453
Calculate the remainder when 99334 is divided by 14118.
508
Calculate the remainder when 12046 is divided by 11242.
804
Calculate the remainder when 10962161 is divided by 5481069.
23
What is the remainder when 60123285 is divided by 276?
273
Calculate the remainder when 1743866 is divided by 82.
54
Calculate the remainder when 289311 is divided by 13.
9
What is the remainder when 38222868 is divided by 33?
24
Calculate the remainder when 686954 is divided by 98125.
79
Calculate the remainder when 8492344 is divided by 24759.
7
What is the remainder when 1685033 is divided by 210621?
65
What is the remainder when 21025708 is divided by 597?
562
Calculate the remainder when 2152555 is divided by 25934.
33
What is the remainder when 8348867 is divided by 702?
683
Calculate the remainder when 429422 is divided by 61346.
0
Calculate the remainder when 231424 is divided by 12842.
268
What is the remainder when 45841742 is divided by 716277?
14
Calculate the remainder when 245089 is divided by 5567.
141
What is the remainder when 704490 is divided by 704479?
11
Calculate the remainder when 48993 is divided by 3765.
48
Calculate the remainder when 28755683 is divided by 22840.
123
What is the remainder when 58886434 is divided by 2877?
2875
Calculate the remainder when 299540 is divided by 938.
318
Calculate the remainder when 1061349 is divided by 13103.
6
Calculate the remainder when 25295274 is divided by 1937.
1928
What is the remainder when 402462 is divided by 5351?
1137
What is the remainder when 655023 is divided by 46786?
19
Calculate the remainder when 35120309 is divided by 123.
119
What is the remainder when 2076985 is divided by 519047?
797
What is the remainder when 2499563 is divided by 7435?
1403
Calculate the remainder when 322987 is divided by 4710.
2707
Calculate the remainder when 37729 is divided by 37703.
26
What is the remainder when 106789 is divided by 890?
879
What is the remainder when 111405201 is divided by 5?
1
What is the remainder when 51458 is divided by 570?
158
Calculate the remainder when 181794 is divided by 45207.
966
Calculate the remainder when 57592739 is divided by 403.
9
Calculate the remainder when 532546 is divided by 266107.
332
What is the remainder when 7448624 is divided by 14134?
6
What is the remainder when 543964 is divided by 538?
46
Calculate the remainder when 8648 is divided by 811.
538
Calculate the remainder when 6479757 is divided by 1727.
53
Calculate the remainder when 41132 is divided by 38668.
2464
What is the remainder when 3834935 is divided by 8?
7
Calculate the remainder when 1526533 is divided by 586.
3
What is the remainder when 2792744 is divided by 930907?
23
What is the remainder when 937891 is divided by 170?
1
What is the remainder when 23853537 is divided by 15839?
3
What is the remainder when 2554476 is divided by 21?
15
Calculate the remainder when 4247998 is divided by 69639.
19
What is the remainder when 34189 is divided by 7?
1
Calculate the remainder when 6245509 is divided by 364.
361
Calculate the remainder when 1304 is divided by 39.
17
What is the remainder when 1087541 is divided by 362503?
32
What is the remainder when 198654 is divided by 27?
15
What is the remainder when 19012096 is divided by 36352?
0
What is the remainder when 1588639 is divided by 1503?
1471
Calculate the remainder when 8476309 is divided by 218.
33
Calculate the remainder when 29020 is divided by 28942.
78
Calculate the remainder when 243348 is divided by 3236.
648
What is the remainder when 6717011 is divided by 7414?
7341
Calculate the remainder when 39814 is divided by 1732.
1710
What is the remainder when 7916802 is divided by 2638931?
9
Calculate the remainder when 2147210 is divided by 85852.
910
What is the remainder when 2306521 is divided by 71?
15
What is the remainder when 1600628 is divided by 3?
2
Calculate the remainder when 38658741 is divided by 677.
10
What is the remainder when 40706 is divided by 1043?
29
Calculate the remainder when 147963 is divided by 1067.
717
Calculate the remainder when 50738 is divided by 198.
50
What is the remainder when 60805 is divided by 682?
107
What is the remainder when 21010623 is divided by 91?
88
Calculate the remainder when 1527641 is divided by 1066.
63
Calculate the remainder when 4382213 is divided by 1021.
81
What is the remainder when 74273055 is divided by 83?
7
Calculate the remainder when 267737 is divided by 1793.
580
What is the remainder when 72068 is divided by 3431?
17
What is the remainder when 19262627 is divided by 8482?
5
Calculate the remainder when 1677993 is divided by 40925.
68
Calculate the remainder when 300816 is divided by 300213.
603
Calculate the remainder when 2401835 is divided by 153.
41
What is the remainder when 32945255 is divided by 74201?
11
